{"id":1014,"date":"2024-02-07T17:46:23","date_gmt":"2024-02-07T16:46:23","guid":{"rendered":"https:\/\/hyperhol.com\/?page_id=1014"},"modified":"2026-04-02T15:31:18","modified_gmt":"2026-04-02T13:31:18","slug":"holobot","status":"publish","type":"page","link":"https:\/\/hyperhol.com\/index.php\/holobot\/","title":{"rendered":"HOLO-AI"},"content":{"rendered":"<div class=\"wpb-content-wrapper\"><p>[vc_row td_width=\u00a0\u00bb2&Prime; td_section_title_style=\u00a0\u00bbstyle1&Prime; td_padding=\u00a0\u00bb70px 0&Prime; td_color=\u00a0\u00bb#1b1c1f\u00a0\u00bb td_font_color=\u00a0\u00bb#ffffff\u00a0\u00bb][vc_column]<div class=\"cta-center \">\n\t\t<div style=\"color:#ffffff;font-size:15px;margin-botton:20px;\" class=\"cta-sup\">Intelligence artificielle \u00e0 votre service<\/div>\n\t\t<div style=\"color:#ffffff;font-size:54px;\" class=\"cta-text\">D\u00e9couvrez l'avatar holographique HOLO-AI<\/div>\n\t\t<div class=\"cta-button\">\n\t\t\t<a href=\"#contact\" target=\"_self\" class=\"cta-button large btn-rounded btn-style1\">Contactez-nous<\/a>\n\t\t\t<a href=\"\" target=\"_self\" class=\"cta-button2 large btn-rounded btn-white2\"><\/a>\n\t\t<\/div>\n\t<\/div>[\/vc_column][\/vc_row][vc_row td_section_title_color=\u00a0\u00bb#ffffff\u00a0\u00bb td_color=\u00a0\u00bb#f7f7f7&Prime; td_padding=\u00a0\u00bb50px 0px\u00a0\u00bb][vc_column width=\u00a0\u00bb1\/2&Prime;][vc_video link=\u00a0\u00bbhttps:\/\/vimeo.com\/1006986229&Prime; css=\u00a0\u00bb\u00a0\u00bb][\/vc_column][vc_column width=\u00a0\u00bb1\/2&Prime;][vc_custom_heading text=\u00a0\u00bbHOLO-AI VOUS ACCUEILLE\u00a0\u00bb font_container=\u00a0\u00bbtag:h2|text_align:left|color:%23595959&Prime; google_fonts=\u00a0\u00bbfont_family:Open%20Sans%3A300%2C300italic%2Cregular%2Citalic%2C600%2C600italic%2C700%2C700italic%2C800%2C800italic|font_style:700%20bold%20regular%3A700%3Anormal\u00a0\u00bb css=\u00a0\u00bb\u00a0\u00bb][vc_custom_heading text=\u00a0\u00bbAvatar en bo\u00eete holographique\u00a0\u00bb font_container=\u00a0\u00bbtag:h3|text_align:left|color:%23afafaf\u00a0\u00bb google_fonts=\u00a0\u00bbfont_family:Open%20Sans%3A300%2C300italic%2Cregular%2Citalic%2C600%2C600italic%2C700%2C700italic%2C800%2C800italic|font_style:400%20regular%3A400%3Anormal\u00a0\u00bb][vc_custom_heading text=\u00a0\u00bbChez @hyperhol nous sommes fiers de vous pr\u00e9senter le fruit de notre collaboration avec @raspiaudio : HOLO-AI.<br \/>\nD\u00e9couvrez la derni\u00e8re version de notre intelligence artificielle holographique et entrez avec nous dans le futur !<br \/>\nAucun trucage ici, HOLO-AI interagit en temps r\u00e9el avec n\u2019importe qui et peut lire les QR codes \ud83d\ude33\u00a0\u00bb font_container=\u00a0\u00bbtag:p|text_align:left|color:%23444444&Prime; google_fonts=\u00a0\u00bbfont_family:Open%20Sans%3A300%2C300italic%2Cregular%2Citalic%2C600%2C600italic%2C700%2C700italic%2C800%2C800italic|font_style:400%20regular%3A400%3Anormal\u00a0\u00bb css=\u00a0\u00bb\u00a0\u00bb][\/vc_column][\/vc_row][vc_row td_section_title_color=\u00a0\u00bb#ffffff\u00a0\u00bb td_color=\u00a0\u00bb#f7f7f7&Prime; td_padding=\u00a0\u00bb50px 0px\u00a0\u00bb][vc_column width=\u00a0\u00bb1\/2&Prime;][vc_custom_heading text=\u00a0\u00bbL&rsquo;INTELLIGENCE ARTIFICIELLE\u00a0\u00bb font_container=\u00a0\u00bbtag:h1|font_size:24|text_align:left|color:%23595959&Prime; google_fonts=\u00a0\u00bbfont_family:Open%20Sans%3A300%2C300italic%2Cregular%2Citalic%2C600%2C600italic%2C700%2C700italic%2C800%2C800italic|font_style:700%20bold%20regular%3A700%3Anormal\u00a0\u00bb css=\u00a0\u00bb\u00a0\u00bb][vc_custom_heading text=\u00a0\u00bbAvatar holographique humanis\u00e9 HOLO-AI\u00a0\u00bb font_container=\u00a0\u00bbtag:h3|text_align:left|color:%23afafaf\u00a0\u00bb google_fonts=\u00a0\u00bbfont_family:Open%20Sans%3A300%2C300italic%2Cregular%2Citalic%2C600%2C600italic%2C700%2C700italic%2C800%2C800italic|font_style:400%20regular%3A400%3Anormal\u00a0\u00bb css=\u00a0\u00bb\u00a0\u00bb][vc_custom_heading text=\u00a0\u00bbHOLO-AI est une innovation r\u00e9volutionnaire qui combine une intelligence artificielle avanc\u00e9e avec la technologie holographique pour cr\u00e9er un avatar holographique humanis\u00e9. Cette IA holographique offre une interaction immersive et personnalis\u00e9e, permettant aux utilisateurs d&rsquo;interagir avec une entit\u00e9 virtuelle qui semble r\u00e9elle et empathique.\u00a0\u00bb font_container=\u00a0\u00bbtag:p|text_align:left|color:%23444444&Prime; google_fonts=\u00a0\u00bbfont_family:Open%20Sans%3A300%2C300italic%2Cregular%2Citalic%2C600%2C600italic%2C700%2C700italic%2C800%2C800italic|font_style:400%20regular%3A400%3Anormal\u00a0\u00bb css=\u00a0\u00bb\u00a0\u00bb][\/vc_column][vc_column width=\u00a0\u00bb1\/2&Prime;][vc_video link=\u00a0\u00bbhttps:\/\/vimeo.com\/910866178&Prime;][\/vc_column][\/vc_row][vc_row td_background=\u00a0\u00bbparallax\u00a0\u00bb td_section_title_style=\u00a0\u00bbstyle1&Prime; td_section_id=\u00a0\u00bbavantages\u00a0\u00bb td_section_title=\u00a0\u00bbLES AVANTAGES DE NOTRE INTELLIGENCE ARTIFICIELLE\u00a0\u00bb td_section_description=\u00a0\u00bbUtilisez une technologie holographique futuriste avec un rendu impressionnant. Pouvoir attractif gr\u00e2ce \u00e0 un effet \u00ab\u00a0Waouh\u00ab\u00a0! Optimisez votre exp\u00e9rience client avec notre machine \u00e0 intelligence artificielle Holobot, votre partenaire digital incontournable !\u00a0\u00bb td_color=\u00a0\u00bb#1b1c1f\u00a0\u00bb td_padding=\u00a0\u00bb80px 0px\u00a0\u00bb td_font_color=\u00a0\u00bb#ffffff\u00a0\u00bb][vc_column width=\u00a0\u00bb1\/3&Prime; css=\u00a0\u00bb.vc_custom_1695844724422{padding-top: 30px !important;}\u00a0\u00bb]<div class=\" icon-default service-item icon-effect-1 icon-effect-1a\">\n\t\t\t<div class=\"icb-icon\">\n\t\t\t\t<i class=\"hi-icon icon icon-On-Off\"><\/i>\n\t\t\t<\/div>\n\t\t\t<div class=\"icb-details\">\n\t\t\t\t<h5>Utilisation simple<\/h5>\n\t\t\t\t<div class=\"main-border icon-default\"><\/div>\n\t\t\t\t<p>Mise en service rapide d&rsquo;HOLO-AI \u00e9blouissant clients et invit\u00e9s, r\u00e9volutionnant l&rsquo;exp\u00e9rience client avec technologie futuriste.<\/p>\n\t\t\t<\/div>\t\t\t\t\t\t\n\t\t<\/div>[vc_empty_space height=\u00a0\u00bb20px\u00a0\u00bb][\/vc_column][vc_column width=\u00a0\u00bb1\/3&Prime; css=\u00a0\u00bb.vc_custom_1695844732976{padding-top: 30px !important;}\u00a0\u00bb]<div class=\" icon-default service-item icon-effect-1 icon-effect-1a\">\n\t\t\t<div class=\"icb-icon\">\n\t\t\t\t<i class=\"hi-icon icon icon-Video\"><\/i>\n\t\t\t<\/div>\n\t\t\t<div class=\"icb-details\">\n\t\t\t\t<h5>Multi-supports<\/h5>\n\t\t\t\t<div class=\"main-border icon-default\"><\/div>\n\t\t\t\t<p>Possibilit\u00e9 de diffuser HOLO-AI sur plusieurs support de diffusions holographiques.<\/p>\n<div id=\"gtx-trans\" style=\"position: absolute; left: 248px; top: 16px;\">\n<div class=\"gtx-trans-icon\"><\/div>\n<\/div>\n<p><\/p>\n\t\t\t<\/div>\t\t\t\t\t\t\n\t\t<\/div>[vc_empty_space height=\u00a0\u00bb20px\u00a0\u00bb][\/vc_column][vc_column width=\u00a0\u00bb1\/3&Prime; css=\u00a0\u00bb.vc_custom_1695844740771{padding-top: 30px !important;}\u00a0\u00bb]<div class=\" icon-default service-item icon-effect-1 icon-effect-1a\">\n\t\t\t<div class=\"icb-icon\">\n\t\t\t\t<i class=\"hi-icon icon icon-ManFigure\"><\/i>\n\t\t\t<\/div>\n\t\t\t<div class=\"icb-details\">\n\t\t\t\t<h5>IA humanis\u00e9e<\/h5>\n\t\t\t\t<div class=\"main-border icon-default\"><\/div>\n\t\t\t\t<p>Notre intelligence \u00ab\u00a0HOLO-AI\u00a0\u00bb est d\u00e9velopp\u00e9e pour vous accompagner de fa\u00e7on pr\u00e9cise mais de fa\u00e7on humanis\u00e9e.<\/p>\n\t\t\t<\/div>\t\t\t\t\t\t\n\t\t<\/div>[vc_empty_space height=\u00a0\u00bb20px\u00a0\u00bb][\/vc_column][\/vc_row][vc_row td_section_title_color=\u00a0\u00bb#ffffff\u00a0\u00bb td_color=\u00a0\u00bb#f7f7f7&Prime; td_padding=\u00a0\u00bb50px 0px\u00a0\u00bb][vc_column width=\u00a0\u00bb1\/2&Prime;][vc_video link=\u00a0\u00bbhttps:\/\/vimeo.com\/910865787&Prime;][\/vc_column][vc_column width=\u00a0\u00bb1\/2&Prime;][vc_custom_heading text=\u00a0\u00bbHOLO-AI EN ECRAN\u00a0\u00bb font_container=\u00a0\u00bbtag:h2|text_align:left|color:%23595959&Prime; google_fonts=\u00a0\u00bbfont_family:Open%20Sans%3A300%2C300italic%2Cregular%2Citalic%2C600%2C600italic%2C700%2C700italic%2C800%2C800italic|font_style:700%20bold%20regular%3A700%3Anormal\u00a0\u00bb css=\u00a0\u00bb\u00a0\u00bb][vc_custom_heading text=\u00a0\u00bbAvatar en bo\u00eete holographique\u00a0\u00bb font_container=\u00a0\u00bbtag:h3|text_align:left|color:%23afafaf\u00a0\u00bb google_fonts=\u00a0\u00bbfont_family:Open%20Sans%3A300%2C300italic%2Cregular%2Citalic%2C600%2C600italic%2C700%2C700italic%2C800%2C800italic|font_style:400%20regular%3A400%3Anormal\u00a0\u00bb][vc_custom_heading text=\u00a0\u00bbLe syst\u00e8me HOLO-AI dans sa version avec \u00e9cran transparent offre une interface futuriste et immersive. L&rsquo;IA en mode \u00e9cran permet une interaction visuelle directe avec les utilisateurs, affichant des informations de mani\u00e8re transparente et captivante. Gr\u00e2ce \u00e0 cette technologie innovante, l&rsquo;IA peut fournir des r\u00e9ponses et des services de mani\u00e8re plus engageante et intuitive, offrant une exp\u00e9rience utilisateur unique et avanc\u00e9e.\u00a0\u00bb font_container=\u00a0\u00bbtag:p|text_align:left|color:%23444444&Prime; google_fonts=\u00a0\u00bbfont_family:Open%20Sans%3A300%2C300italic%2Cregular%2Citalic%2C600%2C600italic%2C700%2C700italic%2C800%2C800italic|font_style:400%20regular%3A400%3Anormal\u00a0\u00bb css=\u00a0\u00bb\u00a0\u00bb][\/vc_column][\/vc_row][vc_row td_section_title_color=\u00a0\u00bb#ffffff\u00a0\u00bb td_section_title_style=\u00a0\u00bbstyle1&Prime; td_color=\u00a0\u00bb#1b1c1f\u00a0\u00bb td_padding=\u00a0\u00bb120px 0&Prime; td_section_id=\u00a0\u00bbcontact\u00a0\u00bb td_section_title=\u00a0\u00bbCONTACTEZ-NOUS\u00a0\u00bb td_class=\u00a0\u00bbcontact\u00a0\u00bb td_font_color=\u00a0\u00bb#aaaaaa\u00a0\u00bb][vc_column width=\u00a0\u00bb1\/2&Prime; css=\u00a0\u00bb.vc_custom_1510826154157{margin-top: 40px !important;}\u00a0\u00bb]\n<div class=\"wpcf7 no-js\" id=\"wpcf7-f48-o1\" lang=\"fr-FR\" dir=\"ltr\" data-wpcf7-id=\"48\">\n<div class=\"screen-reader-response\"><p role=\"status\" aria-live=\"polite\" aria-atomic=\"true\"><\/p> <ul><\/ul><\/div>\n<form action=\"\/index.php\/wp-json\/wp\/v2\/pages\/1014#wpcf7-f48-o1\" method=\"post\" class=\"wpcf7-form init\" aria-label=\"Formulaire de contact\" novalidate=\"novalidate\" data-status=\"init\">\n<fieldset class=\"hidden-fields-container\"><input type=\"hidden\" name=\"_wpcf7\" value=\"48\" \/><input type=\"hidden\" name=\"_wpcf7_version\" value=\"6.1.5\" \/><input type=\"hidden\" name=\"_wpcf7_locale\" value=\"fr_FR\" \/><input type=\"hidden\" name=\"_wpcf7_unit_tag\" value=\"wpcf7-f48-o1\" \/><input type=\"hidden\" name=\"_wpcf7_container_post\" value=\"0\" \/><input type=\"hidden\" name=\"_wpcf7_posted_data_hash\" value=\"\" \/><input type=\"hidden\" name=\"_wpcf7_recaptcha_response\" value=\"\" \/>\n<\/fieldset>\n<p><label> Votre nom (obligatoire)<br \/>\n<span class=\"wpcf7-form-control-wrap\" data-name=\"your-name\"><input size=\"40\" maxlength=\"400\" class=\"wpcf7-form-control wpcf7-text wpcf7-validates-as-required\" aria-required=\"true\" aria-invalid=\"false\" value=\"\" type=\"text\" name=\"your-name\" \/><\/span> <\/label>\n<\/p>\n<p><label> Votre e-mail (obligatoire)<br \/>\n<span class=\"wpcf7-form-control-wrap\" data-name=\"your-email\"><input size=\"40\" maxlength=\"400\" class=\"wpcf7-form-control wpcf7-email wpcf7-validates-as-required wpcf7-text wpcf7-validates-as-email\" aria-required=\"true\" aria-invalid=\"false\" value=\"\" type=\"email\" name=\"your-email\" \/><\/span> <\/label>\n<\/p>\n<p><label> T\u00e9l\u00e9phone (obligatoire)<br \/>\n<span class=\"wpcf7-form-control-wrap\" data-name=\"your-phone\"><input size=\"40\" maxlength=\"400\" class=\"wpcf7-form-control wpcf7-tel wpcf7-validates-as-required wpcf7-text wpcf7-validates-as-tel\" aria-required=\"true\" aria-invalid=\"false\" value=\"\" type=\"tel\" name=\"your-phone\" \/><\/span> <\/label>\n<\/p>\n<p><label> Sujet<br \/>\n<span class=\"wpcf7-form-control-wrap\" data-name=\"your-subject\"><input size=\"40\" maxlength=\"400\" class=\"wpcf7-form-control wpcf7-text\" aria-invalid=\"false\" value=\"\" type=\"text\" name=\"your-subject\" \/><\/span> <\/label>\n<\/p>\n<p><label> Votre message<br \/>\n<span class=\"wpcf7-form-control-wrap\" data-name=\"your-message\"><textarea cols=\"40\" rows=\"10\" maxlength=\"2000\" class=\"wpcf7-form-control wpcf7-textarea\" aria-invalid=\"false\" name=\"your-message\"><\/textarea><\/span> <\/label><br \/>\n\n<\/p>\n<p><input class=\"wpcf7-form-control wpcf7-submit has-spinner\" type=\"submit\" value=\"Envoyer\" \/>\n<\/p><p style=\"display: none !important;\" class=\"akismet-fields-container\" data-prefix=\"_wpcf7_ak_\"><label>&#916;<textarea name=\"_wpcf7_ak_hp_textarea\" cols=\"45\" rows=\"8\" maxlength=\"100\"><\/textarea><\/label><input type=\"hidden\" id=\"ak_js_1\" name=\"_wpcf7_ak_js\" value=\"163\"\/><script type=\"text\/javascript\">\n\/* <![CDATA[ *\/\ndocument.getElementById( \"ak_js_1\" ).setAttribute( \"value\", ( new Date() ).getTime() );\n\/* ]]> *\/\n<\/script>\n<\/p><div class=\"wpcf7-response-output\" aria-hidden=\"true\"><\/div>\n<\/form>\n<\/div>\n[\/vc_column][vc_column width=\u00a0\u00bb1\/2&Prime; css=\u00a0\u00bb.vc_custom_1510826148062{margin-top: 40px !important;}\u00a0\u00bb][vc_column_text]<\/p>\n<h5>Contactez-nous d\u00e8s maintenant :<\/h5>\n<p>[\/vc_column_text][vc_empty_space height=\u00a0\u00bb15px\u00a0\u00bb]<div class=\" icon-default contact-item\">\n\t\t\t<div class=\"icb-icon\">\n\t\t\t\t<i class=\"hi-icon icon icon-Phone\"><\/i>\n\t\t\t<\/div>\n\t\t\t<div class=\"icb-details\">\n\t\t\t\t<h5>06 74 49 37 39 \/ 06 08 74 61 81<\/h5>\n\t\t\t\t<div class=\"main-border icon-default\"><\/div>\n\t\t\t\t<p><\/p>\n\t\t\t<\/div>\t\t\t\t\t\t\n\t\t<\/div>[vc_empty_space height=\u00a0\u00bb15px\u00a0\u00bb]<div class=\" icon-default contact-item\">\n\t\t\t<div class=\"icb-icon\">\n\t\t\t\t<i class=\"hi-icon icon icon-Mail\"><\/i>\n\t\t\t<\/div>\n\t\t\t<div class=\"icb-details\">\n\t\t\t\t<h5>HOLOGRAM@HYPERHOL.COM<\/h5>\n\t\t\t\t<div class=\"main-border icon-default\"><\/div>\n\t\t\t\t<p><\/p>\n\t\t\t<\/div>\t\t\t\t\t\t\n\t\t<\/div>[vc_empty_space height=\u00a0\u00bb15px\u00a0\u00bb]<div class=\" icon-default contact-item\">\n\t\t\t<div class=\"icb-icon\">\n\t\t\t\t<i class=\"hi-icon icon icon-WorldGlobe\"><\/i>\n\t\t\t<\/div>\n\t\t\t<div class=\"icb-details\">\n\t\t\t\t<h5>Showroom : 29b rue Jean Jacques Rousseau - 94200 Ivry sur Seine<\/h5>\n\t\t\t\t<div class=\"main-border icon-default\"><\/div>\n\t\t\t\t<p><\/p>\n\t\t\t<\/div>\t\t\t\t\t\t\n\t\t<\/div>[\/vc_column][\/vc_row][vc_row][vc_column][\/vc_column][\/vc_row][vc_column][\/vc_column]<\/p>\n<\/div>","protected":false},"excerpt":{"rendered":"<p>[vc_row td_width=\u00a0\u00bb2&Prime; td_section_title_style=\u00a0\u00bbstyle1&Prime; td_padding=\u00a0\u00bb70px 0&Prime; td_color=\u00a0\u00bb#1b1c1f\u00a0\u00bb td_font_color=\u00a0\u00bb#ffffff\u00a0\u00bb][vc_column][\/vc_column][\/vc_row][vc_row td_section_title_color=\u00a0\u00bb#ffffff\u00a0\u00bb td_color=\u00a0\u00bb#f7f7f7&Prime; td_padding=\u00a0\u00bb50px 0px\u00a0\u00bb][vc_column width=\u00a0\u00bb1\/2&Prime;][vc_video link=\u00a0\u00bbhttps:\/\/vimeo.com\/1006986229&Prime; css=\u00a0\u00bb\u00a0\u00bb][\/vc_column][vc_column width=\u00a0\u00bb1\/2&Prime;][vc_custom_heading text=\u00a0\u00bbHOLO-AI VOUS ACCUEILLE\u00a0\u00bb font_container=\u00a0\u00bbtag:h2|text_align:left|color:%23595959&Prime; google_fonts=\u00a0\u00bbfont_family:Open%20Sans%3A300%2C300italic%2Cregular%2Citalic%2C600%2C600italic%2C700%2C700italic%2C800%2C800italic|font_style:700%20bold%20regular%3A700%3Anormal\u00a0\u00bb css=\u00a0\u00bb\u00a0\u00bb][vc_custom_heading text=\u00a0\u00bbAvatar en bo\u00eete holographique\u00a0\u00bb font_container=\u00a0\u00bbtag:h3|text_align:left|color:%23afafaf\u00a0\u00bb google_fonts=\u00a0\u00bbfont_family:Open%20Sans%3A300%2C300italic%2Cregular%2Citalic%2C600%2C600italic%2C700%2C700italic%2C800%2C800italic|font_style:400%20regular%3A400%3Anormal\u00a0\u00bb][vc_custom_heading text=\u00a0\u00bbChez @hyperhol nous sommes fiers de vous pr\u00e9senter le fruit de notre collaboration avec @raspiaudio : HOLO-AI. D\u00e9couvrez la derni\u00e8re version de notre intelligence artificielle holographique et entrez &hellip; <a href=\"https:\/\/hyperhol.com\/index.php\/holobot\/\" class=\"more-link\">Continue reading <span class=\"screen-reader-text\">HOLO-AI<\/span><\/a><\/p>\n","protected":false},"author":1,"featured_media":0,"parent":0,"menu_order":0,"comment_status":"closed","ping_status":"closed","template":"","meta":{"_seopress_robots_primary_cat":"","_seopress_titles_title":"%%post_title%% | Avatar 3D holographique - Avatar IA sur mesure","_seopress_titles_desc":"Syst\u00e8me holographique avatar, Hologramme 3D IA, hologramme humain, hologramme IA, Avatar 3D  intelligence artificielle holographique, holobot, holobox","_seopress_robots_index":"","footnotes":""},"class_list":["post-1014","page","type-page","status-publish","hentry"],"jetpack_sharing_enabled":true,"_links":{"self":[{"href":"https:\/\/hyperhol.com\/index.php\/wp-json\/wp\/v2\/pages\/1014","targetHints":{"allow":["GET"]}}],"collection":[{"href":"https:\/\/hyperhol.com\/index.php\/wp-json\/wp\/v2\/pages"}],"about":[{"href":"https:\/\/hyperhol.com\/index.php\/wp-json\/wp\/v2\/types\/page"}],"author":[{"embeddable":true,"href":"https:\/\/hyperhol.com\/index.php\/wp-json\/wp\/v2\/users\/1"}],"replies":[{"embeddable":true,"href":"https:\/\/hyperhol.com\/index.php\/wp-json\/wp\/v2\/comments?post=1014"}],"version-history":[{"count":21,"href":"https:\/\/hyperhol.com\/index.php\/wp-json\/wp\/v2\/pages\/1014\/revisions"}],"predecessor-version":[{"id":1144,"href":"https:\/\/hyperhol.com\/index.php\/wp-json\/wp\/v2\/pages\/1014\/revisions\/1144"}],"wp:attachment":[{"href":"https:\/\/hyperhol.com\/index.php\/wp-json\/wp\/v2\/media?parent=1014"}],"curies":[{"name":"wp","href":"https:\/\/api.w.org\/{rel}","templated":true}]}}